y(v) = -18*v**3 - 2*v**2 + 2. Let r be y(-2). Let x = -43 + r. What is the units digit of x?
5
Let y(f) = 5*f - 2. Let z be ((1001/(-14))/13)/((-1)/2). What is the units digit of y(z)?
3
Let s be (5 + -1)*12/12. Let c be 17/34 + 14/s. Suppose -c*b = m + 5 - 45, 5*m - b = 116. What is the units digit of m?
4
Suppose 26*a - 81 = -s + 30*a, 0 = 5*s + a - 342. What is the units digit of s?
9
Let m(n) = 2*n + 2*n + 7 + 12 - 6*n. What is the units digit of m(-15)?
9
Let o(i) = i**2 + 2*i. Let k be (3 - 3)*(-1 + 2). Let z be o(k). Suppose z = -d + 2*w + 21, d = 2*d + 3*w + 4. What is the units digit of d?
1
What is the units digit of 35118/42 + ((-8)/7 - -2)?
7
Suppose -82 = 4*n - 18. What is the tens digit of (2 - n/(-4)) + 78?
7
Let f(h) = -h**3 + 16*h**2 + 14*h + 54. Let x be f(17). What is the tens digit of (-124)/(-2) - (-9)/x?
6
Suppose -100 = 10*c - 11*c. Suppose -c - 80 = -9*p. What is the tens digit of p?
2
Let i = -69 + 25. Let k = 5 + i. Let j = 73 + k. What is the units digit of j?
4
Let a = 421 + 581. What is the hundreds digit of a?
0
Let k(p) = 89*p - 1. Let w be k(2). Let v = w - 104. What is the tens digit of v?
7
Let d(s) = -6*s + 8. Let o be d(4). Suppose -2*f = -5*f + 93. Let w = o + f. What is the units digit of w?
5
Let i = 337 + -313. What is the units digit of i?
4
Let o(h) = 972*h - 68. What is the thousands digit of o(4)?
3
Let c be 6/(-2)*1/(-3). Let f(t) be the third derivative of t**4 + t**2 + 30. What is the tens digit of f(c)?
2
Let y be 20/50 + 168/5. Let j = -29 + y. Suppose k + 211 = 4*u, j*k - k = 4*u - 220. What is the tens digit of u?
5
Let v be 316/10 - ((-135)/25 - -5). Suppose 0 = f + v - 96. What is the units digit of f?
4
What is the hundreds digit of 9*(1271/15 - 70/175)?
7
Let s = 13 + 19. Suppose 47 = 5*a + s. Suppose -2*b + 3*b + 5*u - 100 = 0, -a*b + 2*u = -215. What is the units digit of b?
5
Suppose 360*l = 361*l - 928. Suppose 3*o + l = 4*n, -4*n + o = -444 - 484. What is the tens digit of n?
3
Let m(y) = -2*y + 0*y - 5*y + 3*y - 5. Let q(d) = d. Let p(k) = m(k) + q(k). What is the units digit of p(-5)?
0
Let s = -147 + 259. Suppose s + 74 = 2*g. What is the tens digit of g?
9
Let q(j) be the third derivative of -j**5/30 + 7*j**4/24 - 5*j**3/6 + 5*j**2. Let i be q(4). What is the units digit of 3*(-1 - 15/i)?
2
Let i(c) = -3*c - 41 + 12*c + 43. What is the tens digit of i(3)?
2
Let f(r) = r**2 + 4*r - 17. Let q be f(-7). Suppose -16 = -q*h + 4. Suppose 0 = -4*k + 4*g + 140, 2*g + 31 - 206 = -h*k. What is the units digit of k?
5
Suppose -3*m + 5*z = 10, -3*m = -m - 3*z + 5. Suppose -6*d - 2*f = -m*d - 16, -2*d + 5*f - 13 = 0. What is the units digit of d?
6
What is the tens digit of 14 + -16 - -5 - (-1 - 2686)?
9
Let n(s) be the second derivative of -s**4/12 + s**3 - s**2 + 9*s. Let p be n(4). Suppose p*j - 22 = 290. What is the units digit of j?
2
Suppose 2*z = 3*z. Let v be (-43 - -2) + (z - 3). Let f = v + 67. What is the tens digit of f?
2
Suppose -5*x + 299 = 4*c, 3*x = -5*c + 174 + 8. Suppose -4*w + 1160 = 5*z, -2*z + 535 = 4*w + x. What is the hundreds digit of z?
2
Let z(y) = -8*y - 44. What is the units digit of z(-8)?
0
Let n = -9 + 9. Suppose -l + n = -120. Suppose -w + l = 5*u, 135 = 5*u - 3*w + w. What is the tens digit of u?
2
Let s(t) = t**3 - 25*t**2 + 64*t + 16. What is the tens digit of s(24)?
7
Suppose 0 = -6*d + 11*d. Suppose 4*f - 103 - 17 = d. What is the units digit of f?
0
Let y = -918 + 1966. What is the thousands digit of y?
1
Suppose 22*k - 20*k = 414. What is the tens digit of k?
0
Let r(p) = -23*p + 29. Let k be r(12). Let q = -132 - k. What is the tens digit of q?
1
Let n(j) be the second derivative of 95*j**3/2 + 3*j**2 + j. What is the hundreds digit of n(1)?
2
Let z(b) = -2*b - 38. Let t be z(-12). Let s = t + 205. What is the units digit of s?
1
Suppose -11*d + 2003 = 320. Suppose 4*o - d = 4*x + 379, -2*x + 10 = 0. What is the units digit of o?
8
Suppose z = 4*z - 9, 4*z = 4*p - 4. Let m be (3/p)/(6/24). Suppose -m*v + 55 = -h, -4*v + 4*h = v - 94. What is the units digit of v?
8
Suppose 2*y - 3 = y. Let n = y - -1. Suppose n*k = 2*k + 18. What is the units digit of k?
9
Let a be (-16)/3*45/12. Let h be (36/(-8) - 2)*a. Suppose 166 = 5*y - 0*y + 3*s, -4*y = s - h. What is the units digit of y?
2
Let n(p) = 3*p**2 + 9*p - 8. Let q be n(-8). Let r = 174 - q. What is the units digit of r?
2
What is the tens digit of (35/(-21))/(548/183 - 3)?
0
Let u = -4 - -9. What is the tens digit of (-26)/((-17)/u - -3)?
6
Let v = -7 + 15. Suppose -v*t = -62 - 34. What is the units digit of t?
2
Let r(t) = -t**2 + 9*t + 4. Let f be r(7). Let w = f + -12. Let i = w - -19. What is the units digit of i?
5
Suppose 5*k - 22 = 5*c - 157, -2*k = -4. Suppose 0 = c*z - 32*z + 219. What is the units digit of z?
3
Let i = 11 - 15. Let r = i + -7. Let j = r + 13. What is the units digit of j?
2
Let g(t) be the first derivative of -4/3*t**3 - 9 + 1/4*t**4 - 2*t**2 + 10*t. What is the units digit of g(5)?
5
Suppose l + 2330 = 28*q - 23*q, 0 = 2*q + 5*l - 959. What is the units digit of q?
7
Suppose -4*u - 10 = -34. Suppose 9*k = u*k + 270. What is the units digit of k?
0
Suppose 0 = -3*i + 7 + 5. Suppose 3*o - 28 = -i*o. Suppose o*s = 32 + 32. What is the tens digit of s?
1
Suppose -102 = -3*a - 3*k, -5*a + 3*k + 153 = 23. Suppose 4*x - a - 71 = 0. What is the units digit of x?
5
Let v be (34/85)/(2/10). Suppose -v*h + 184 = -142. Suppose -i + z - h = -4*i, 0 = z - 4. What is the tens digit of i?
5
Let n(q) = -38*q - 5. Let l be n(-4). Let x = -56 + l. What is the units digit of x?
1
Suppose x + 0 = -2*q + 5, 2*x + 2 = 0. Suppose -16 = -q*l - 2*u, 3*l - 2*u - 2*u = 22. What is the units digit of l?
6
Suppose 3*i = 8*i. Let b = 6 + i. Suppose -3*l = -2*p - 68, -3*l = -5*p + b - 59. What is the units digit of l?
6
What is the tens digit of (-10)/(-45)*3 - (-352)/12?
3
Suppose 4*x = -3*n + 11, 0 = -2*x - 3*n + 6*n + 1. What is the tens digit of (-1284)/(-36) + x/(-3)?
3
Let g(k) = -k**3 - 12*k**2 - 5*k - 43. What is the units digit of g(-12)?
7
Let d = -3 + -6. Let s be 1/(-2 + (-21)/d). Suppose 5*j - 8 = s*z + 12, -5*z = 0. What is the units digit of j?
4
Let f = 77 + 44. Suppose f = 4*z - 471. What is the tens digit of z?
4
Let j be (-245)/(2 - 20/8). Let d = j - 264. What is the tens digit of d?
2
Let q = -698 - -1084. What is the units digit of q?
6
Let p(j) = j**2 + 6*j - 9. Let v be p(-7). Let n = v + 4. What is the tens digit of n/((-5)/((-230)/4))?
2
Let w(j) = -j**3 - 5*j**2 - 5*j - 2. Let z be w(-4). Suppose z*c - 7*c + 20 = 0. What is the tens digit of 5 - c - (-63)/3?
2
Suppose 4*n = 6*n - 8. Suppose 5*g = 6*j - 2*j + 137, n*j - 8 = 0. What is the units digit of g?
9
Suppose 0 = 18*y - 16*y - z - 2025, 0 = 5*y - 3*z - 5065. What is the thousands digit of y?
1
Suppose 3*m = 7*m + 140. Let k = 82 + m. What is the tens digit of k?
4
Let v(i) = i**3 - 64*i**2 + 183*i + 231. What is the units digit of v(62)?
9
Let s = 88 + -58. Suppose 30*m - 33*m = -s. What is the units digit of m?
0
Suppose l + 6 = 3*l. Suppose -9 = -5*y + 2*x + 1, -5*x = 2*y - 4. Suppose y*k - 135 = -l*k. What is the tens digit of k?
2
Let b = 128 - -24. What is the hundreds digit of b?
1
Suppose 0 = 40*x - 37300 - 45460. What is the tens digit of x?
6
Let x(b) = 3*b - 18. Let r be x(8). Suppose r*d - 137 = 175. What is the units digit of d?
2
Let v(l) = l - 4. Let c be v(-13). Let y = 20 + c. Suppose 9 = 3*d, -2*b + y*d = b - 3. What is the units digit of b?
4
Let s = 2 - 8. Let n = 66 - s. Suppose -n = 3*x - 6*x. What is the units digit of x?
4
Let y = -5 - -3. Let c be (y/(-2))/(2/6). Suppose 119 = c*a - u, 2*u + 77 = 2*a - u. What is the units digit of a?
0
Let g(o) = -665*o**3 + 2*o**2 - o - 4. What is the units digit of g(-1)?
4
Let r(g) = 94*g + 4. Let t be r(4). Suppose -j - t = -5*j. What is the units digit of j?
5
Suppose 49*g - 126*g + 132748 = 0. What is the tens digit of g?
2
Let a(s) = s**3 + 11*s**2 - 10*s + 6. Let g be a(-12). Let n = g - -24. What is the units digit of n?
6
Suppose -q + 316 = 3*h - 5*q, -2*h = -3*q - 210. What is the tens digit of h?
0
Let o = -10 + 14. Suppose -3*r - 1 = y, -5*y = -2*y - 2*r - 41. Suppose -o*m = -3*m - y. What is the tens digit of m?
1
Let o = 5527 + -3293. What is the